0?
2, 23
List the prime factors of 2/(20/34) + 21/35.
2
Let t = -24 - -48. List the prime factors of t.
2, 3
Suppose -5*q - 45 = -5*o, -o = -2*o + 4*q + 24. Let z = -1 + o. Suppose g = 5*g - z*i - 11, 2*g + 3*i - 1 = 0. What are the prime factors of g?
2
Let u = 48 - 67. Let x = -16 - u. List the prime factors of x.
3
List the prime factors of -3*((-234)/12 - 2/12).
59
Let n be (-28)/(-6) - 14/21. Suppose n*b = -2*t + 54, -b = 4*b - t - 85. What are the prime factors of b?
2
Suppose -13 = 4*o - 5*n, -2*o + 0*o - 20 = 2*n. Let h = o + 24. List the prime factors of h.
17
Suppose -3*a - u + 12 = u, -a - 1 = -u. Suppose 4*w + i - 33 + 0 = 0, -5*w = a*i - 45. What are the prime factors of w?
7
Let w be (24/(-42))/((-2)/7). Suppose -3 = g - 2*x + 1, 24 = w*g + 4*x. Suppose -g*k + 83 = -5. List the prime factors of k.
2, 11
Suppose 0 = 4*n - 2*k - 76, 3*n - n - 2*k - 40 = 0. List the prime factors of n.
2, 3
Suppose 18 = j + 5*i + 48, -5*j = -4*i + 63. Suppose -2*z + z + 5 = 0. What are the prime factors of (-10)/(-3) + z/j?
3
Suppose 5*q - 2*f = 1388, -5*q + 9*f + 1389 = 8*f. What are the prime factors of q?
2, 139
Let q(v) = -v**3 + 3*v + 88. List the prime factors of q(0).
2, 11
Let w = 658 + -220. What are the prime factors of w?
2, 3, 73
Let n be 2/(-12) + (-11)/6. Let u = 4 + n. What are the prime factors of 52/5 - u/5?
2, 5
Let j = -20 - -20. Suppose 5*n - 3*n + 4 = j, -5*n = -f + 31. List the prime factors of f.
3, 7
Let o(l) = -79*l + 3. What are the prime factors of o(-1)?
2, 41
Let z = -146 - -273. List the prime factors of z.
127
Let j = -5 - -3. List the prime factors of 3 + 1 + 1 + j.
3
Suppose -3*l - 7 + 2 = -4*w, 0 = 2*w - 2*l. Let f be (6/(-4))/((-6)/8). Suppose -2*m - 6 = -z, 3*z - w*z + f*m + 12 = 0. What are the prime factors of z?
2, 3
Let f = -46 - -78. What are the prime factors of f?
2
Let z(i) = -3*i + 5. Let p(m) = 3*m - 5. Let g(o) = -5*p(o) - 4*z(o). Let j be g(-6). Let y = 36 - j. What are the prime factors of y?
13
Suppose 0*r + r - 21 = 2*x, -x = -5. Let g = 62 - r. What are the prime factors of g?
31
Suppose -3*i + 4 = -5*i. Let o be (i + -6)/((-8)/4). Suppose r + o - 16 = 0. List the prime factors of r.
2, 3
Let d(k) = 18*k**2 + 3*k - 3. What are the prime factors of d(1)?
2, 3
Suppose g + 3 = -2*g, -3*g = a - 1. Let k = 7 - a. Suppose 2*n - 30 = -k*n. What are the prime factors of n?
2, 3
Let q(k) = -k**2 - 5*k + 2. Let j be q(-5). Suppose -4*f = -2*b - 30, 2*b + j = -3*f + 7. Suppose -f*r + 3 = -17. List the prime factors of r.
2
Let m(k) = k**3 - 20*k**2 + 27*k - 9. List the prime factors of m(19).
11, 13
Let z = 0 + 5. Suppose -3*d + 35 = z*p, -3*d + 4 = -4*p + d. List the prime factors of p.
2
Let p(u) = u**2 + 2*u - 6. Let t be p(-5). Let f = t + -3. What are the prime factors of f?
2, 3
Suppose 0*o - 4*o - a + 4 = 0, 3*o + 2*a - 8 = 0. Let q be 102/14 - 4/14. What are the prime factors of -1*q*(-1 + o)?
7
Let h(f) = -f**3 + 6*f**2 + 6*f + 4. Let w be h(7). List the prime factors of 214/8 - w/12.
3
Let v(p) = 10*p**2 - p - 1. What are the prime factors of v(-3)?
2, 23
Let v be 2/(-5) + (-26)/10. Let z = 1 + v. What are the prime factors of (-9)/(-6) - z/4?
2
Suppose 2*i = -4*l + 9 + 11, -3*l + 29 = 5*i. Let t(k) be the third derivative of -k**6/120 + k**5/15 + k**3/2 + k**2. What are the prime factors of t(l)?
2, 3
Let m(j) be the second derivative of 1/3*j**3 - 2*j**2 + 0 + j. What are the prime factors of m(8)?
2, 3
Let d be (-10)/(-3) - 12/(-18). What are the prime factors of (26/d)/((-1)/(-4))?
2, 13
Suppose -2*p + 148 = 5*i, 2*i - p = 2*p + 63. What are the prime factors of i?
2, 3, 5
Let b = -39 - -60. Suppose -3*v + 2*v + b = 0. Suppose 2*m - v = -5*w, 4*m = 2*w + m - 16. What are the prime factors of w?
5
Suppose -34 = c - 51. List the prime factors of c.
17
Let x = -3 + 4. Let m be (-3 - -2)/(x/(-4)). Suppose -m*c - c = -3*g - 28, 3*g = c + 4. List the prime factors of c.
2
Let u be (-2)/(-3) + 14/6. Suppose -u*x = -5*y - 4 + 9, -3*y + 3 = 5*x. Suppose -3*q + 21 = 3*w, -3*w + 2*q + 36 + x = 0. List the prime factors of w.
2, 5
Suppose 5*a - 58 = -3*m, 49 + 4 = 3*m + 4*a. What are the prime factors of m?
11
Let i(q) = -q**3 + 14*q**2 + 6*q + 12. List the prime factors of i(12).
2, 3, 31
Let x = -2 + 6. Suppose -g = x*g - 120. Suppose -2*l - 10 = -g. List the prime factors of l.
7
What are the prime factors of 223 - (-16)/((-8)/(-2))?
227
Suppose -3*w + 4 = t, 4*w - w - 5*t = 34. What are the prime factors of (-1)/(w - (-120)/(-39))?
13
Let b be ((-4)/(-6))/((-1)/(-6)). Suppose 0 = -b*p + 3*p. Suppose 4*h - 2*k - 36 = -12, h - 2*k = p. List the prime factors of h.
2
Let i(f) be the second derivative of -f**4/12 - 7*f**3/6 + 7*f**2/2 - 3*f. Let p be i(-8). What are the prime factors of (-1)/p*2 - -3?
5
Suppose -4*x + 18 - 2 = 0. Suppose z = x*z. List the prime factors of -1 - 3*(-3 + z).
2
Suppose 0 = 3*n - 4*n + 1. Suppose -5*h + 19 + n = 0. What are the prime factors of h?
2
Suppose -2*p - 11 = -h, -3*h + 3 = 4*p - 10. List the prime factors of h.
7
Suppose 3*m - 4*m + 19 = 0. Let y = 1 + m. What are the prime factors of y?
2, 5
List the prime factors of -2*(1 - 0) + 1 + 232.
3, 7, 11
Let n(u) = -7*u + 6. Let k(g) = -8*g + 5. Let c(y) = 3*k(y) - 4*n(y). List the prime factors of c(9).
3
Let c be ((-8)/(-20))/((-2)/(-240)). Suppose -5*p = -4*n - 67, 3*p - 6*n - c = -n. What are the prime factors of p?
11
Let c(r) = 89*r - 11. Let b be c(-8). List the prime factors of (-8)/(-36) - b/27.
3
What are the prime factors of 1 + 0 - 40/(-2)?
3, 7
Let h = -177 - -307. What are the prime factors of h?
2, 5, 13
Let d(j) = j**2 - 2*j - 3. Let w be d(3). Suppose s + 20 = 4*n - w*n, -2*n - 4*s = -28. What are the prime factors of (-2)/(-3) + 20/n?
2
Let w = -16 - -18. Suppose -w + 130 = 4*r. What are the prime factors of r?
2
Let y = -4 - 1. Let t(x) = -x + 1. Let i(q) = 5*q - 9. Let z(a) = i(a) + 6*t(a). What are the prime factors of z(y)?
2
Let a(h) = -h**3 + 14*h**2 - 18*h + 11. List the prime factors of a(12).
83
Let m = 3 - 0. List the prime factors of (3/(-9))/(m/(-243)).
3
Let o(c) = c**3 - c**2 - c - 2. Let u be o(3). Suppose -30 = -0*s + 2*s + 4*j, -2*s = -5*j - 6. Let f = s + u. What are the prime factors of f?
2, 3
Let w(k) be the third derivative of -k**6/120 - k**5/10 - 2*k**3/3 + 3*k**2. Let j be w(-6). List the prime factors of 2*(-34)/j*1.
17
Let j = 94 - 54. What are the prime factors of j?
2, 5
Let r = 18 - -5. Let k = r + -15. What are the prime factors of k?
2
Suppose 5*h = 2*p + 3*p - 40, p + 3*h - 4 = 0. Suppose 111 = 3*r - 3*n, -2 + p = -n. List the prime factors of (r + 2)*(-3)/(-6).
17
Let h = 14 - 7. What are the prime factors of h?
7
Suppose 0 = 2*s - 34 - 22. Let c = 45 - s. List the prime factors of c.
17
Suppose 0 = 8*u - 1207 + 191. What are the prime factors of u?
127
Let s = 103 + -67. Let m = -4 + s. Suppose -5*v = t - 0*t - m, v = -3*t - 2. What are the prime factors of v?
7
Suppose 8 = -4*f + 40. What are the prime factors of f/(-10)*90/(-12)?
2, 3
Let x(f) = 16*f**2 - 3*f + 2. Let g be x(-4). What are the prime factors of g/(-9)*2/(-5)?
2, 3
Let m(q) = 2*q - 9. Let j = -9 - -15. Let z be m(j). Suppose z*v + 2*v = 40. What are the prime factors of v?
2
Let c(f) = -f**2 + f + 4. Let y be c(3). List the prime factors of 1/(-4)*(y - 18).
5
Let a(n) = -n**3 + 21*n**2 + 9*n - 26. What are the prime factors of a(21)?
163
Suppose 5*t = -4*j + 7, 0 = 3*t + 2*t - 5*j - 25. Let h(n) = -4*n - 1 + 5*n**2 + n**t - 2*n**3 + n. What are the prime factors of h(3)?
2
Let x(v) = v**2 - 5*v. Let k be x(6). Let s(y) = -y**3 - 8*y**2 - 6*y + 9. Let f be s(-7). Let l = k + f. What are the prime factors of l?
2
Suppose -36 = 3*p - 267. List the prime factors of p.
7, 11
Let r(m) = -m**3 - 9*m**2 - m + 5. What are the prime factors of r(-9)?
2, 7
Let y = 14 + -3. Let z = 51 - y. What are the prime factors of z?
2, 5
Suppose 7*i - 5*i = 22. Suppose l - i = -0. What are the prime factors of l?
11
Suppose 105 = -4*v + 9*v. What are the prime factors of v?
3, 7
List the prime factors of (0 + 20)/(14/21).
2, 3, 5
Suppose 0 = -18*s + 19*s - 157. List the prime factors of s.
157
Let p(q) = 162*q + 1. List the prime factors of p(1).
163
Suppose 0*t - 36 = -2*t. Suppose 6 + t = 3*o. What are the prime factors o